Suppose -5*c = 2*o - 645, o - 132 = -0*c - c. Is c a composite number?
False
Let x be 5/(-15) + (-295)/(-3). Is 1/(-1 - (-100)/x) a prime number?
False
Let o be (-1 - 0)*3*-1. Suppose z - 236 = o*j, 0 = -3*z - 2*j + 490 + 196. Suppose -5*t = -15, -4*b + 137 = t - z. Is b composite?
True
Let v be 7/(-7)*0/1. Suppose 2*r = 4*t + 726, 2*r - 3*t + 2*t - 738 = v. Is r a composite number?
True
Suppose 3*o = o + 52. Is o prime?
False
Suppose 5*v + 1 = -9. Is (-6 + 12)*(-17)/v prime?
False
Let f = 307 + -205. Let b = -69 + f. Is b prime?
False
Let f be (-93819)/(-22)*2/3. Let r = f - 1482. Is r prime?
True
Let i(h) = h - 3. Let j be i(9). Let a = -20 - -32. Let v = a - j. Is v a prime number?
False
Let v = 19 - 28. Let n = 46 + v. Is n a composite number?
False
Let s(p) be the third derivative of 32*p**5/15 - p**3/6 - 4*p**2. Is s(-1) a prime number?
True
Let b be 150/(-54) - (-2)/(-9). Let y(k) = -k**3 - 4*k**2 + 7*k + 1. Let i(w) = w**3 + 5*w**2 - 8*w - 1. Let r(h) = 3*i(h) + 4*y(h). Is r(b) composite?
False
Suppose 0*z - 4*n = -3*z + 1567, -z + 518 = 3*n. Is z composite?
False
Let i be 15/25 + (-22)/(-5). Is (-950)/(-12) + i/(-30) prime?
True
Suppose 3*k - 889 - 350 = 0. Is k prime?
False
Let k = 109 - -4. Suppose k = p - 386. Is p a prime number?
True
Suppose -w - 5*v + 226 = 0, -2*w - 738 = -5*w - 3*v. Is w a composite number?
False
Suppose -6*l = -l - 2785. Is l composite?
False
Let n = 15 - 47. Let a = -22 - n. Is a prime?
False
Let t be 24/9 - (-6)/(-9). Suppose -4*p = t*r - 362, -2*p + 4*r - 190 = -4*p. Suppose 0 = 5*y - 324 + p. Is y prime?
True
Let o be (-90)/(-3)*(-6)/(-15). Suppose o + 55 = z. Suppose 0*g + g - z = 0. Is g a composite number?
False
Suppose 0 = -4*s + 5*h + 632, 4*s - 2*h - 2*h - 636 = 0. Is s a prime number?
True
Let q = 14 + -4. Suppose c - q = 111. Is c a prime number?
False
Let t be 38/6 + 8/12. Let z(j) = j**3 - 5*j**2 + 2*j - 3. Is z(t) a prime number?
True
Let r = 330 + -67. Is r a composite number?
False
Suppose -5*z + l + 302 = -614, 4*z = -2*l + 730. Let g(y) = y**3 + 6*y**2 + 3. Let d be g(-6). Suppose -d*c = -174 - z. Is c prime?
False
Let a(t) = -t**3 - 2*t**2 + 4*t - 2. Let o = -8 - 2. Let u(r) = -r**3 - 9*r**2 + 10*r - 5. Let x be u(o). Is a(x) composite?
False
Let s = -2 + -1. Let p(o) = 2*o**2 - 2*o + 4. Let r be p(s). Let b = -15 + r. Is b composite?
False
Let w = -380 - -921. Is w composite?
False
Let o(t) be the second derivative of t**3/3 - 13*t**2/2 + 2*t. Let m be o(9). Suppose -m*q + 7 = 3*p, -q - 3 = 3*p + 2*p. Is q composite?
False
Let k = -6 - -6. Suppose -l = -k*l. Suppose -4*i = -3*w - 301, i + l*i - 2*w - 69 = 0. Is i composite?
False
Let k(o) = 7*o - 273. Let i(c) = -3*c + 137. Let t(l) = 5*i(l) + 2*k(l). Is t(0) a prime number?
True
Is 1465/15 - (-2)/(-3) prime?
True
Let n = -4 + 8. Let d(r) = -2*r - 2 - n*r - 3. Is d(-5) composite?
True
Let m be 6/(-4)*20/(-6). Suppose -m*l - 23 = -2*v, 4*v - 7 - 24 = 5*l. Is (v/(-6))/((-4)/222) composite?
False
Suppose 0 + 2 = 2*m + 5*w, 2 = -2*m - 3*w. Let b = -2 - m. Suppose 0 = 2*l + 2*f - 110, 2*l - b*f - 155 = -l. Is l a prime number?
True
Suppose -3*o = -o. Suppose 2*t + 2*v - 258 = o, v + 3*v = -2*t + 250. Is t a prime number?
False
Let m(d) = 133*d**2 - 2*d - 1. Let h be m(-1). Let r be ((-1)/(-3))/(2/(-402)). Let w = h + r. Is w prime?
True
Let f be 3 + (0 - (0 - -3)). Suppose f*j = -3*j + 12. Suppose 0 = 2*s - j - 154. Is s a prime number?
True
Is 2/(2/2153) + 0 prime?
True
Let l(v) = 1142*v**2 + 2*v + 1. Is l(-1) composite?
True
Let x(v) = -v**2 + 6*v - 4. Let n be x(4). Suppose -4 = y - 3*u + 6, 4*y = n*u - 8. Suppose -105 = -y*f - f. Is f a composite number?
True
Suppose 199 + 97 = -4*t. Let m = t + 113. Is m a prime number?
False
Let r(n) = 10*n**2 - n. Suppose -2*y + 6*y - 6 = 5*z, 5*z + 8 = 2*y. Is r(y) composite?
False
Suppose 3*d = 3*f + 255, 4*d - 45 - 288 = -3*f. Let r = d - 47. Is r composite?
False
Suppose -8 = -2*s, -5*s + 2*s = 3*v - 27. Suppose -647 = -3*j + 4*d, -v*j - 5*d + 4*d = -1086. Is j composite?
True
Let d(j) = 13*j + 8*j + 9 - 5. Is d(3) composite?
False
Suppose 2*u - 4*u = 4*b - 566, -715 = -5*b + 5*u. Is b prime?
False
Suppose 5*m - 8 + 3 = 0, x - m - 5 = 0. Suppose 2 = 4*k - 4*p - x, 3*k = -p + 22. Let w(a) = 2*a**2 - 6*a + 7. Is w(k) prime?
True
Let u(j) = 2*j**3 - 2*j**2 - j - 4. Is u(5) a composite number?
False
Let o(b) = -5*b - 19. Is o(-8) prime?
False
Suppose -3*z + 36 = -180. Let t = -22 + z. Suppose n + t = 3*n. Is n composite?
True
Let w = 17 + -13. Is w prime?
False
Let w(j) = 2*j**3 - 7*j + 4. Is w(7) composite?
False
Suppose 23 = 2*w - 3*l, -w + 9 + 10 = -3*l. Suppose 3*k - 126 = -w*n, 3*n - 41 = -2*k + 54. Is n a composite number?
True
Suppose 11*t - 715 = 6*t. Is t prime?
False
Let l(k) be the first derivative of 19*k**3/3 - k**2 - 3*k + 3. Suppose 0 = -x + 1 - 3. Is l(x) prime?
False
Let x(t) = -154*t + 14*t - 23 + 24. Is x(-1) a prime number?
False
Let l(p) = -p**2 - p + 68. Let t = 2 + -2. Let h be l(t). Is 1 + 5/(10/h) a composite number?
True
Suppose 452 = 2*s + 4*k - k, -2*k + 4 = 0. Is s prime?
True
Let h be 2*(53/(-2) + 1). Suppose -3*y + 163 = -95. Let d = y + h. Is d composite?
True
Let p(q) = -2*q**2 - 6*q + 3. Let w(r) = 2*r**2 + 5*r - 2. Let f(s) = 3*p(s) + 4*w(s). Suppose -8 = -2*i + 4*c, 3*i - 2*c = c. Is f(i) prime?
False
Let u be (-1056)/40 + 2/5. Let m = 32 - u. Is m composite?
True
Is ((-5)/2)/5*-26 composite?
False
Suppose -613 = -68*g + 67*g. Is g composite?
False
Let k be -1 + (0 - (-4 - -1)). Suppose -2*o - 190 = -5*w, -k*o + 190 = 2*w + 3*w. Is w a prime number?
False
Let l(m) = 2*m**2 - 8*m + 5. Let k be l(4). Suppose -129 = -k*a + 301. Is a prime?
False
Let g(q) = -q - 7. Let c be g(-6). Is (2/c)/((-6)/435) a prime number?
False
Suppose 2*q + 3663 + 727 = 3*o, 4*o - 5840 = -4*q. Let f = o - 641. Is f a composite number?
False
Let v(q) = 57*q + 50. Is v(9) prime?
True
Suppose -h + 10 = -23. Let n = 7 - 27. Let v = h + n. Is v a composite number?
False
Let c = -13 - -10. Is 1/((-6256)/(-2084) + c) a composite number?
False
Let y = 801 + 58. Is y prime?
True
Let q = 0 - -1. Let g(j) = 5*j**3 - j + 1. Let s be g(q). Let o(z) = z + 5. Is o(s) a composite number?
True
Suppose 4*a - 20 = -2*c, -20 = 2*c - 2*a - 2*a. Suppose c = k - 3*k + 102. Is k composite?
True
Let l = -7 + 274. Is l composite?
True
Let r = -5 - -6. Suppose -3*s - r = -u - 5, -5*s + u = -10. Is s a composite number?
False
Let o = -8 - -87. Is o composite?
False
Let f(x) = -x**2 + x + 2. Let p be f(0). Suppose 5*q + 4*m - 3*m = 239, p*m = -q + 55. Is q composite?
False
Let s(h) be the third derivative of h**6/120 + h**5/10 - 7*h**4/24 + h**3/2 + 2*h**2. Let t be s(-7). Suppose 0 = -t*q + 69 + 96. Is q composite?
True
Let x be 8/(-20) - 2/(-5). Suppose x = -8*d + 3*d + 5. Is 1/1 - (-46)/d a composite number?
False
Let r(h) = 4*h**2 - 2*h - 27. Is r(-12) prime?
False
Is (1/3)/((-6)/(-4518)) prime?
True
Let d be (-2)/(-6) + 38/(-6). Let c(j) = j**3 + 9*j**2 - 8. Let g be c(d). Suppose -2*y = -5*u + 107, u - 5*y = 6*u - g. Is u composite?
True
Is (-3237*6/(-45) - 1)*5 composite?
False
Suppose 0 = 3*z - 5 - 1. Suppose z*a - j = 342, -a - j = -110 - 58. Suppose q - a = -4*q. Is q a composite number?
True
Let k(p) = 36*p**2 - p + 2. Let a be k(5). Suppose 2*o - a = -o. Is o prime?
False
Let o = 7 - 6. Let g be (2 - o)/((-4)/(-8)). Suppose m + r - 3*r = 81, g*r = 5*m - 437. Is m a composite number?
False
Is (-2)/7 + (-13257)/(-21) a prime number?
True
Is 1151/((12/(-2))/(-6)) a composite number?
False
Suppose r - 2*r = 5. Let d = -4 - r. Is d + (2 - 0) + 52 prime?
False
Let q(o) = -163*o + 4. Is q(-9) prime?
True
Let i be (-2 - 1*-6) + -2. Suppose 4*g = i*s + 36 - 130, -s + 32 = g. Is s a composite number?
False
Let l be 1/(-3)*(10 + -7). Let a be -3 - (-5 + l) - -3. Suppose -4 = -a*s + 5*s. Is s composite?
True
Suppose 0 = -f + 4*x - x + 97, -4*f = 2*x - 346. Let g = f + -31. Is g a prime number?
False
Let j(h) = 175*h**3 + h**2 - h - 3. Is j(2) a composite number?
False
Let q(k) = k - 4. Let p be q(4). Suppose -l + i + 130 = p, 3*l + 0*l - 355 = -4*i. Let g = -34 + l. Is g a composite number?
True
Let c be -4 + 2 + 8/2. Suppose 3*l = -3*j + 4*l + 23, -31 = -5*j - c*l. Is j composite?
False
Suppose 3*s + 28870 = 13*s. I